{"id":143,"date":"2018-11-11T10:26:43","date_gmt":"2018-11-11T10:26:43","guid":{"rendered":"https:\/\/trackingchildren.leeds.ac.uk\/?page_id=143"},"modified":"2018-12-14T13:30:24","modified_gmt":"2018-12-14T13:30:24","slug":"mely-intezmenyek-vesznek-benne-reszt","status":"publish","type":"page","link":"https:\/\/trackingchildren.leeds.ac.uk\/hu\/felnotteknek-2\/mely-intezmenyek-vesznek-benne-reszt\/","title":{"rendered":"Mely int\u00e9zm\u00e9nyek vesznek benne r\u00e9szt?"},"content":{"rendered":"<p>Az b\u00fcntet\u0151 igazs\u00e1gszolg\u00e1ltat\u00e1sban t\u00f6bb int\u00e9zm\u00e9nye is k\u00f6zrem\u0171k\u00f6dhet az elektronikus monitoroz\u00e1sr\u00f3l val\u00f3 d\u00f6nt\u00e9shozatalban, k\u00f6zt\u00fck a b\u00edr\u00f3s\u00e1g, a rend\u0151rs\u00e9g, valamint a b\u00fcntet\u00e9s-v\u00e9grehajt\u00e1s, ez az orsz\u00e1gt\u00f3l f\u00fcgg. Az int\u00e9zked\u00e9seket v\u00e9grehajt\u00f3 int\u00e9zm\u00e9nyek is orsz\u00e1gonk\u00e9nt v\u00e1ltoznak. A fiatalkor\u00faak monitoroz\u00e1s\u00e1ban \u00e1ltal\u00e1noss\u00e1gban v\u00e9ve a k\u00f6vetkez\u0151 int\u00e9zm\u00e9nyek m\u0171k\u00f6dnek egy\u00fctt:<\/p>\n<ul>\n<li>Rend\u0151rs\u00e9g<\/li>\n<li>P\u00e1rtfog\u00f3 fel\u00fcgyel\u0151i szervek<\/li>\n<li>B\u00fcntet\u00e9s-v\u00e9grehajt\u00e1s szervei, valamint egyes orsz\u00e1gokban a fiatalkor\u00faak z\u00e1rt int\u00e9zm\u00e9nyei<\/li>\n<li>Gyermekv\u00e9delem \u00e9s szoci\u00e1lis int\u00e9zm\u00e9nyek<\/li>\n<li>A monitoroz\u00e1st v\u00e9grehajt\u00f3 \u00e9s technikai t\u00e1mogat\u00e1st ny\u00fajt\u00f3 int\u00e9zm\u00e9nyek (pl. priv\u00e1t c\u00e9gek)<\/li>\n<\/ul>\n<p>Az elektronikus monitoroz\u00e1s megval\u00f3sulhat:<\/p>\n<ol>\n<li>a b\u00fcntet\u0151elj\u00e1r\u00e1s sor\u00e1n hozott int\u00e9zked\u00e9s alapj\u00e1n vagy a b\u00edr\u00f3s\u00e1g \u00e1ltal kiszabott szankci\u00f3 r\u00e9szek\u00e9nt (<em>Front-door measures)<\/em><\/li>\n<li>a b\u00fcntet\u00e9s-v\u00e9grehajt\u00e1sban megval\u00f3sul\u00f3 szankci\u00f3 enyh\u00edt\u00e9se c\u00e9lj\u00e1b\u00f3l <em>(Back-door measures). <\/em>Ebben az esetben az elektronikus monitoroz\u00e1st ak\u00e1r a j\u00f3 magaviseletet \u00e9rt\u00e9kel\u0151 engedm\u00e9nyk\u00e9nt is lehet alkalmazni.<\/li>\n<\/ol>\n<p>Az elektronikus monitoroz\u00e1s c\u00e9lja \u00e1ltal\u00e1noss\u00e1gban v\u00e9ve az, hogy a hat\u00e1rozatban vagy \u00edt\u00e9letben meghat\u00e1rozott magatart\u00e1si szab\u00e1lyok betart\u00e1s\u00e1t ellen\u0151rizze, de ezen t\u00fal m\u00e1s c\u00e9lok \u00e9s hozz\u00e1rendelhet\u0151k a technol\u00f3gia alkalmaz\u00e1s\u00e1hoz.<a href=\"#_ftn1\" name=\"_ftnref1\">[1]<\/a><\/p>\n<p>Lehets\u00e9ges az, hogy a magatart\u00e1si szab\u00e1ly kiz\u00e1r\u00f3lag a mozg\u00e1si szabads\u00e1got korl\u00e1tozza, de az is, hogy emellett m\u00e1s egy\u00e9b felt\u00e9teleket is szab a b\u00edr\u00f3s\u00e1g, pl. k\u00f6zmunk\u00e1ban, rehabilit\u00e1ci\u00f3s programon val\u00f3 r\u00e9szv\u00e9tel, tr\u00e9ning, k\u00f6zoktat\u00e1sban val\u00f3 r\u00e9szv\u00e9tel.<\/p>\n<p>Az elektronikus monitoroz\u00e1st haszn\u00e1lj\u00e1k feln\u0151ttek \u00e9s gyermekek ellen\u0151rz\u00e9s\u00e9re is. A kutat\u00e1sban r\u00e9sztvev\u0151 mindh\u00e1rom orsz\u00e1gban l\u00e9teznek speci\u00e1lis szab\u00e1lyok \u00e9s garanci\u00e1k a fiatalkor\u00faak monitoroz\u00e1s\u00e1nak elrendel\u00e9se eset\u00e9re. Az int\u00e9zked\u00e9st v\u00e9grehajt\u00f3 hat\u00f3s\u00e1gok \u00e9s int\u00e9zm\u00e9nyek gyakran a gyermekekkel val\u00f3 b\u00e1n\u00e1sm\u00f3dra vonatkoz\u00f3 speci\u00e1lis tud\u00e1ssal is rendelkeznek.<\/p>\n<p>Magyarorsz\u00e1gon a Rend\u0151rs\u00e9g valamint a b\u00fcntet\u00e9s-v\u00e9grehajt\u00e1s szervezete m\u0171k\u00f6dtetnek elektronikus nyomk\u00f6vet\u0151 rendszereket, \u00e9s sz\u00fcks\u00e9g eset\u00e9n \u0151k val\u00f3s\u00edtj\u00e1k meg az int\u00e9zked\u00e9st t\u00e1mogat\u00f3 tev\u00e9kenys\u00e9geket is.<\/p>\n<p>&nbsp;<\/p>\n<p>Amennyiben b\u00e1rmilyen k\u00e9rd\u00e9se vagy javaslata van, keresse P\u00e1rk\u00e1nyi Esztert (e.parkanyi[kukac]leeds.ac.uk).<\/p>\n<p style=\"text-align: right\">Friss\u00edtve: 2018. december 7.<\/p>\n<p>&nbsp;<\/p>\n<p>&nbsp;<\/p>\n<p><a href=\"#_ftnref1\" name=\"_ftn1\">[1]<\/a> <a href=\"http:\/\/28uzqb445tcn4c24864ahmel.wpengine.netdna-cdn.com\/files\/2016\/06\/EMEU-Creativity-and-effectiveness-in-EM-Long-version.pdf\">Hucklesby, A, Beyens, K, Boone, M, D\u00fcnkel, F, McIvor, G, Graham, H (2016) Creativity and effectiveness in the use of electronic monitoring: a case study of five jurisdictions. EMEU Report<\/a><\/p>\n","protected":false},"excerpt":{"rendered":"Az b\u00fcntet\u0151 igazs\u00e1gszolg\u00e1ltat\u00e1sban t\u00f6bb int\u00e9zm\u00e9nye is k\u00f6zrem\u0171k\u00f6dhet az elektronikus monitoroz\u00e1sr\u00f3l val\u00f3 d\u00f6nt\u00e9shozatalban, k\u00f6zt\u00fck a b\u00edr\u00f3s\u00e1g, a rend\u0151rs\u00e9g, valamint a b\u00fcntet\u00e9s-v\u00e9grehajt\u00e1s, ez az orsz\u00e1gt\u00f3l f\u00fcgg. Az int\u00e9zked\u00e9seket v\u00e9grehajt\u00f3 int\u00e9zm\u00e9nyek is orsz\u00e1gonk\u00e9nt v\u00e1ltoznak. A fiatalkor\u00faak monitoroz\u00e1s\u00e1ban \u00e1ltal\u00e1noss\u00e1gban v\u00e9ve a k\u00f6vetkez\u0151 int\u00e9zm\u00e9nyek m\u0171k\u00f6dnek egy\u00fctt: Rend\u0151rs\u00e9g P\u00e1rtfog\u00f3 fel\u00fcgyel\u0151i szervek B\u00fcntet\u00e9s-v\u00e9grehajt\u00e1s szervei, valamint egyes orsz\u00e1gokban a fiatalkor\u00faak z\u00e1rt int\u00e9zm\u00e9nyei Gyermekv\u00e9delem...","protected":false},"author":219,"featured_media":0,"parent":141,"menu_order":3,"comment_status":"closed","ping_status":"closed","template":"","meta":{"_acf_changed":false,"_exactmetrics_skip_tracking":false,"footnotes":""},"class_list":["post-143","page","type-page","status-publish","hentry"],"acf":[],"_links":{"self":[{"href":"https:\/\/trackingchildren.leeds.ac.uk\/hu\/wp-json\/wp\/v2\/pages\/143","targetHints":{"allow":["GET"]}}],"collection":[{"href":"https:\/\/trackingchildren.leeds.ac.uk\/hu\/wp-json\/wp\/v2\/pages"}],"about":[{"href":"https:\/\/trackingchildren.leeds.ac.uk\/hu\/wp-json\/wp\/v2\/types\/page"}],"author":[{"embeddable":true,"href":"https:\/\/trackingchildren.leeds.ac.uk\/hu\/wp-json\/wp\/v2\/users\/219"}],"replies":[{"embeddable":true,"href":"https:\/\/trackingchildren.leeds.ac.uk\/hu\/wp-json\/wp\/v2\/comments?post=143"}],"version-history":[{"count":0,"href":"https:\/\/trackingchildren.leeds.ac.uk\/hu\/wp-json\/wp\/v2\/pages\/143\/revisions"}],"up":[{"embeddable":true,"href":"https:\/\/trackingchildren.leeds.ac.uk\/hu\/wp-json\/wp\/v2\/pages\/141"}],"wp:attachment":[{"href":"https:\/\/trackingchildren.leeds.ac.uk\/hu\/wp-json\/wp\/v2\/media?parent=143"}],"curies":[{"name":"wp","href":"https:\/\/api.w.org\/{rel}","templated":true}]}}

Mely intézmények vesznek benne részt?

<p>Az büntető igazságszolgáltatásban több intézménye is közreműködhet az elektronikus monitorozásról való döntéshozatalban, köztük a bíróság, a rendőrség, valamint a büntetés-végrehajtás, ez az országtól függ. Az intézkedéseket végrehajtó intézmények is országonként változnak. A fiatalkorúak monitorozásában általánosságban véve a következő intézmények működnek együtt:</p>
<ul>
<li>Rendőrség</li>
<li>Pártfogó felügyelői szervek</li>
<li>Büntetés-végrehajtás szervei, valamint egyes országokban a fiatalkorúak zárt intézményei</li>
<li>Gyermekvédelem és szociális intézmények</li>
<li>A monitorozást végrehajtó és technikai támogatást nyújtó intézmények (pl. privát cégek)</li>
</ul>
<p>Az elektronikus monitorozás megvalósulhat:</p>
<ol>
<li>a büntetőeljárás során hozott intézkedés alapján vagy a bíróság által kiszabott szankció részeként (<em>Front-door measures)</em></li>
<li>a büntetés-végrehajtásban megvalósuló szankció enyhítése céljából <em>(Back-door measures). </em>Ebben az esetben az elektronikus monitorozást akár a jó magaviseletet értékelő engedményként is lehet alkalmazni.</li>
</ol>
<p>Az elektronikus monitorozás célja általánosságban véve az, hogy a határozatban vagy ítéletben meghatározott magatartási szabályok betartását ellenőrizze, de ezen túl más célok és hozzárendelhetők a technológia alkalmazásához.<a href="#_ftn1" name="_ftnref1">[1]</a></p>
<p>Lehetséges az, hogy a magatartási szabály kizárólag a mozgási szabadságot korlátozza, de az is, hogy emellett más egyéb feltételeket is szab a bíróság, pl. közmunkában, rehabilitációs programon való részvétel, tréning, közoktatásban való részvétel.</p>
<p>Az elektronikus monitorozást használják felnőttek és gyermekek ellenőrzésére is. A kutatásban résztvevő mindhárom országban léteznek speciális szabályok és garanciák a fiatalkorúak monitorozásának elrendelése esetére. Az intézkedést végrehajtó hatóságok és intézmények gyakran a gyermekekkel való bánásmódra vonatkozó speciális tudással is rendelkeznek.</p>
<p>Magyarországon a Rendőrség valamint a büntetés-végrehajtás szervezete működtetnek elektronikus nyomkövető rendszereket, és szükség esetén ők valósítják meg az intézkedést támogató tevékenységeket is.</p>
<p>&nbsp;</p>
<p>Amennyiben bármilyen kérdése vagy javaslata van, keresse Párkányi Esztert (e.parkanyi[kukac]leeds.ac.uk).</p>
<p style="text-align: right">Frissítve: 2018. december 7.</p>
<p>&nbsp;</p>
<p>&nbsp;</p>
<p><a href="#_ftnref1" name="_ftn1">[1]</a> <a href="http://28uzqb445tcn4c24864ahmel.wpengine.netdna-cdn.com/files/2016/06/EMEU-Creativity-and-effectiveness-in-EM-Long-version.pdf">Hucklesby, A, Beyens, K, Boone, M, Dünkel, F, McIvor, G, Graham, H (2016) Creativity and effectiveness in the use of electronic monitoring: a case study of five jurisdictions. EMEU Report</a></p>

Az büntető igazságszolgáltatásban több intézménye is közreműködhet az elektronikus monitorozásról való döntéshozatalban, köztük a bíróság, a rendőrség, valamint a büntetés-végrehajtás, ez az országtól függ. Az intézkedéseket végrehajtó intézmények is országonként változnak. A fiatalkorúak monitorozásában általánosságban véve a következő intézmények működnek együtt: Rendőrség Pártfogó felügyelői szervek Büntetés-végrehajtás szervei, valamint egyes országokban a fiatalkorúak zárt intézményei Gyermekvédelem...
